{"id":693,"date":"2025-02-27T12:49:28","date_gmt":"2025-02-27T11:49:28","guid":{"rendered":"https:\/\/scon.cloud\/?page_id=693"},"modified":"2025-03-18T13:14:32","modified_gmt":"2025-03-18T12:14:32","slug":"ssl-zertifikate","status":"publish","type":"page","link":"https:\/\/scon.cloud\/?page_id=693","title":{"rendered":"SSL-Zertifikate"},"content":{"rendered":"\n<header class=\"wp-block-group alignfull\"><div class=\"wp-block-group__inner-container is-layout-constrained wp-block-group-is-layout-constrained\">\n<div id=\"wp-block-themeisle-blocks-advanced-columns-9f8848a6\" class=\"wp-block-themeisle-blocks-advanced-columns alignfull has-1-columns has-desktop-equal-layout has-tablet-collapsedRows-layout has-mobile-collapsedRows-layout has-reverse-columns-tablet has-reverse-columns-mobile has-vertical-center ticss-0f635aec\"><div class=\"wp-block-themeisle-blocks-advanced-columns-overlay\"><\/div><div class=\"innerblocks-wrap\">\n<div id=\"wp-block-themeisle-blocks-advanced-column-cedf80ca\" class=\"wp-block-themeisle-blocks-advanced-column\">\n<h1 id=\"wp-block-themeisle-blocks-advanced-heading-ddc7a054\" class=\"wp-block-themeisle-blocks-advanced-heading wp-block-themeisle-blocks-advanced-heading-ddc7a054\"><strong><strong><strong><strong>Sicherheit und Vertrauen f\u00fcr Ihre Verbindungen<\/strong><\/strong><\/strong><\/strong><\/h1>\n<\/div>\n<\/div><\/div>\n<\/div><\/header>\n\n\n\n<div class=\"wp-block-group alignfull has-white-color has-text-color has-background has-link-color has-medium-font-size wp-elements-fd1cde3d033fbb6ee69ce69ec5618e05\" style=\"background-color:#302c85;padding-right:15px;padding-left:15px\"><div class=\"wp-block-group__inner-container is-layout-constrained wp-container-core-group-is-layout-3467996f wp-block-group-is-layout-constrained\">\n<p><strong><strong><strong>Warum ein SSL-Zertifikat unverzichtbar ist<\/strong><\/strong><\/strong><\/p>\n<\/div><\/div>\n\n\n\n<p>Ein SSL-Zertifikat (Secure Sockets Layer) sorgt f\u00fcr eine verschl\u00fcsselte Verbindung zwischen Ihrer Webseite und den Besuchern.<\/p>\n\n\n\n<p>Ein SSL-Zertifikat gew\u00e4hrleistet, dass vertrauliche Daten sicher \u00fcbertragen werden und schafft Vertrauen bei Ihren Kunden.<\/p>\n\n\n\n<div class=\"wp-block-group alignfull has-white-color has-text-color has-background has-link-color has-medium-font-size wp-elements-ab061825834bbaea5a1147e6eb05ddbd\" style=\"background-color:#302c85;padding-right:15px;padding-left:15px\"><div class=\"wp-block-group__inner-container is-layout-constrained wp-container-core-group-is-layout-3467996f wp-block-group-is-layout-constrained\">\n<p><strong><strong><strong><strong><strong><strong>Unsere Dienstleistungen rund um SSL-Zertifikate<\/strong><\/strong><\/strong><\/strong><\/strong><\/strong><\/p>\n<\/div><\/div>\n\n\n\n<ul class=\"wp-block-list\">\n<li><strong>Bedarfsanalyse &amp; Auswahl des passenden SSL-Zertifikats<\/strong><br>Nicht jedes SSL-Zertifikat ist gleich. Ob Domain-Validierung (DV), Organisations-Validierung (OV) oder Extended-Validation-Zertifikate (EV) \u2013 wir analysieren Ihren individuellen Bedarf und empfehlen die optimale L\u00f6sung f\u00fcr Ihre Website oder Webanwendung.<\/li>\n\n\n\n<li><strong>Erstellung und Bereitstellung<\/strong><br>Wir k\u00fcmmern uns um die gesamte Beantragung Ihres SSL-Zertifikats, damit Sie sich um nichts k\u00fcmmern m\u00fcssen. Vom Erstellen des Certificate Signing Requests (CSR) bis zur Validierung Ihrer Domain oder Ihres Unternehmens \u2013 wir begleiten Sie durch den gesamten Prozess.<\/li>\n\n\n\n<li><strong>Integration &amp; Installation<\/strong><br>Die fehlerfreie Integration eines SSL-Zertifikats ist entscheidend f\u00fcr die Sicherheit und Performance Ihres Systems. Wir \u00fcbernehmen die Installation auf Ihrem Server, testen die Konfiguration und sorgen f\u00fcr eine einwandfreie Funktionalit\u00e4t.<\/li>\n\n\n\n<li><strong>Verl\u00e4ngerung &amp; Verwaltung<\/strong><br>SSL-Zertifikate haben eine begrenzte Laufzeit und m\u00fcssen rechtzeitig erneuert werden, um Sicherheit und Vertrauen zu gew\u00e4hrleisten. Wir \u00fcbernehmen die fristgerechte Verl\u00e4ngerung und sorgen daf\u00fcr, dass Ihr System jederzeit gesch\u00fctzt bleibt.<\/li>\n<\/ul>\n\n\n\n<p>Sch\u00fctzen Sie Ihre Systeme und schaffen Sie Vertrauen \u2013 mit unserem professionellen SSL-Zertifikats-Service.<\/p>\n\n\n\n<div class=\"wp-block-group alignfull has-white-color has-text-color has-background has-link-color has-medium-font-size wp-elements-095852c3bf4408cde39053083405a61d\" style=\"background-color:#302c85;padding-right:15px;padding-left:15px\"><div class=\"wp-block-group__inner-container is-layout-constrained wp-container-core-group-is-layout-3467996f wp-block-group-is-layout-constrained\">\n<p><strong>Warum wir?<\/strong><\/p>\n<\/div><\/div>\n\n\n\n<ul class=\"wp-block-list\">\n<li><strong>Umfassender Service<\/strong>: Wir betreuen den gesamten Prozess von der Bedarfsanalyse bis zur regelm\u00e4\u00dfigen Verl\u00e4ngerung.<\/li>\n\n\n\n<li><strong>Automatische Erinnerung:<\/strong> Wir informieren Sie rechtzeitig \u00fcber anstehende Verl\u00e4ngerungen.<\/li>\n\n\n\n<li><strong>Rundum-Service: <\/strong>Sie m\u00fcssen sich um nichts k\u00fcmmern \u2013 wir erledigen alles f\u00fcr Sie.<\/li>\n<\/ul>\n","protected":false},"excerpt":{"rendered":"<p>Warum ein SSL-Zertifikat unverzichtbar ist Ein SSL-Zertifikat (Secure Sockets Layer) sorgt f\u00fcr eine verschl\u00fcsselte Verbindung zwischen Ihrer Webseite und den Besuchern. Ein SSL-Zertifikat gew\u00e4hrleistet, dass vertrauliche Daten sicher \u00fcbertragen werden und schafft Vertrauen bei Ihren Kunden. Unsere Dienstleistungen rund um SSL-Zertifikate Sch\u00fctzen Sie Ihre Systeme und schaffen Sie Vertrauen \u2013 [&hellip;]<\/p>\n","protected":false},"author":1,"featured_media":0,"parent":0,"menu_order":0,"comment_status":"closed","ping_status":"closed","template":"","meta":{"inline_featured_image":false,"_themeisle_gutenberg_block_has_review":false,"footnotes":""},"class_list":["post-693","page","type-page","status-publish","hentry"],"_links":{"self":[{"href":"https:\/\/scon.cloud\/index.php?rest_route=\/wp\/v2\/pages\/693","targetHints":{"allow":["GET"]}}],"collection":[{"href":"https:\/\/scon.cloud\/index.php?rest_route=\/wp\/v2\/pages"}],"about":[{"href":"https:\/\/scon.cloud\/index.php?rest_route=\/wp\/v2\/types\/page"}],"author":[{"embeddable":true,"href":"https:\/\/scon.cloud\/index.php?rest_route=\/wp\/v2\/users\/1"}],"replies":[{"embeddable":true,"href":"https:\/\/scon.cloud\/index.php?rest_route=%2Fwp%2Fv2%2Fcomments&post=693"}],"version-history":[{"count":12,"href":"https:\/\/scon.cloud\/index.php?rest_route=\/wp\/v2\/pages\/693\/revisions"}],"predecessor-version":[{"id":862,"href":"https:\/\/scon.cloud\/index.php?rest_route=\/wp\/v2\/pages\/693\/revisions\/862"}],"wp:attachment":[{"href":"https:\/\/scon.cloud\/index.php?rest_route=%2Fwp%2Fv2%2Fmedia&parent=693"}],"curies":[{"name":"wp","href":"https:\/\/api.w.org\/{rel}","templated":true}]}}