{"id":400,"date":"2025-02-05T14:38:21","date_gmt":"2025-02-05T13:38:21","guid":{"rendered":"http:\/\/scon.cloud\/?page_id=400"},"modified":"2025-03-19T13:16:17","modified_gmt":"2025-03-19T12:16:17","slug":"informationssicherheit","status":"publish","type":"page","link":"https:\/\/scon.cloud\/?page_id=400","title":{"rendered":"Informationssicherheit"},"content":{"rendered":"\n<header class=\"wp-block-group alignfull\"><div class=\"wp-block-group__inner-container is-layout-constrained wp-block-group-is-layout-constrained\">\n<div id=\"wp-block-themeisle-blocks-advanced-columns-9f8848a6\" class=\"wp-block-themeisle-blocks-advanced-columns alignfull has-1-columns has-desktop-equal-layout has-tablet-collapsedRows-layout has-mobile-collapsedRows-layout has-reverse-columns-tablet has-reverse-columns-mobile has-vertical-center ticss-0f635aec\"><div class=\"wp-block-themeisle-blocks-advanced-columns-overlay\"><\/div><div class=\"innerblocks-wrap\">\n<div id=\"wp-block-themeisle-blocks-advanced-column-cedf80ca\" class=\"wp-block-themeisle-blocks-advanced-column\">\n<h1 id=\"wp-block-themeisle-blocks-advanced-heading-ddc7a054\" class=\"wp-block-themeisle-blocks-advanced-heading wp-block-themeisle-blocks-advanced-heading-ddc7a054\"><strong>Informationssicherheit &amp; IT-Sicherheit<\/strong><br><br><strong>Ihr Schutz vor digitalen Risiken<\/strong><\/h1>\n<\/div>\n<\/div><\/div>\n<\/div><\/header>\n\n\n\n<div class=\"wp-block-group alignfull has-white-color has-text-color has-background has-link-color has-medium-font-size wp-elements-6edab7ff6beacd2d1da382bf967bee85\" style=\"background-color:#302c85;padding-right:15px;padding-left:15px\"><div class=\"wp-block-group__inner-container is-layout-constrained wp-container-core-group-is-layout-3467996f wp-block-group-is-layout-constrained\">\n<p>Informationssicherheit \u2013 Schutz Ihrer sensiblen Daten<\/p>\n<\/div><\/div>\n\n\n\n<p><em>In einer digital vernetzten Welt sind Informationen eines der wertvollsten G\u00fcter. <strong>Informationssicherheit<\/strong> umfasst alle Ma\u00dfnahmen, die den Schutz von Daten in Unternehmen sicherstellen \u2013 unabh\u00e4ngig davon, ob diese digital oder physisch vorliegen. Unser Ziel ist es, die Vertraulichkeit, Integrit\u00e4t und Verf\u00fcgbarkeit Ihrer Informationen zu gew\u00e4hrleisten und gleichzeitig regulatorische Anforderungen zu erf\u00fcllen.<\/em><\/p>\n\n\n\n<p><strong>Unsere Dienstleistungen im Bereich Informationssicherheit:<\/strong><\/p>\n\n\n\n<div id=\"wp-block-themeisle-blocks-icon-list-e2832039\" class=\"wp-block-themeisle-blocks-icon-list\">\n<div id=\"wp-block-themeisle-blocks-icon-list-item-019881ff\" class=\"wp-block-themeisle-blocks-icon-list-item\"><i class=\"fas fa-check wp-block-themeisle-blocks-icon-list-item-icon\"><\/i><p class=\"wp-block-themeisle-blocks-icon-list-item-content\"><strong>Beratung &amp; Strategieentwicklung<\/strong>: Entwicklung ma\u00dfgeschneiderter Sicherheitskonzepte f\u00fcr Unternehmen jeder Gr\u00f6\u00dfe.<\/p><\/div>\n\n\n\n<div id=\"wp-block-themeisle-blocks-icon-list-item-ba7c55f7\" class=\"wp-block-themeisle-blocks-icon-list-item\"><i class=\"fas fa-check wp-block-themeisle-blocks-icon-list-item-icon\"><\/i><p class=\"wp-block-themeisle-blocks-icon-list-item-content\"><strong>Risikomanagement &amp; Compliance<\/strong>: Analyse bestehender Sicherheitsma\u00dfnahmen, Identifikation von Schwachstellen und Umsetzung geeigneter Schutzma\u00dfnahmen.<\/p><\/div>\n\n\n\n<div id=\"wp-block-themeisle-blocks-icon-list-item-3d42ab89\" class=\"wp-block-themeisle-blocks-icon-list-item\"><i class=\"fas fa-check wp-block-themeisle-blocks-icon-list-item-icon\"><\/i><p class=\"wp-block-themeisle-blocks-icon-list-item-content\"><strong>Schulungen &amp; Sensibilisierung<\/strong>: Schulung Ihrer Mitarbeiter zu Best Practices und Sicherheitsrichtlinien.<\/p><\/div>\n\n\n\n<div id=\"wp-block-themeisle-blocks-icon-list-item-ac59c06d\" class=\"wp-block-themeisle-blocks-icon-list-item\"><i class=\"fas fa-check wp-block-themeisle-blocks-icon-list-item-icon\"><\/i><p class=\"wp-block-themeisle-blocks-icon-list-item-content\"><strong>Zertifizierungsbegleitung<\/strong>: Unterst\u00fctzung bei der Implementierung und Zertifizierung nach ISO 27001, TISAX, KRITIS, B3S und weiterer Standards (z.B. DIN EN 80001-1).<\/p><\/div>\n<\/div>\n\n\n\n<div class=\"wp-block-group alignfull has-white-color has-text-color has-background has-link-color has-medium-font-size wp-elements-ecaec6d9d5ab252c6918df630196a441\" style=\"background-color:#302c85;padding-right:15px;padding-left:15px\"><div class=\"wp-block-group__inner-container is-layout-constrained wp-container-core-group-is-layout-3467996f wp-block-group-is-layout-constrained\">\n<p><strong>IT-Sicherheit \u2013 Technische Absicherung Ihrer Systeme<\/strong><\/p>\n<\/div><\/div>\n\n\n\n<p><em>W\u00e4hrend die Informationssicherheit den ganzheitlichen Schutz von Daten umfasst, fokussiert sich die IT-Sicherheit auf den technischen Schutz digitaler Systeme vor Cyberangriffen, Datenverlust und anderen Bedrohungen. Dazu geh\u00f6ren Netzwerke, Server, Endger\u00e4te und Anwendungen.<\/em><\/p>\n\n\n\n<p><strong>Unsere IT-Sicherheitsl\u00f6sungen:<\/strong><\/p>\n\n\n\n<div id=\"wp-block-themeisle-blocks-icon-list-8d815e9f\" class=\"wp-block-themeisle-blocks-icon-list\">\n<div id=\"wp-block-themeisle-blocks-icon-list-item-d91088d6\" class=\"wp-block-themeisle-blocks-icon-list-item\"><i class=\"fas fa-check wp-block-themeisle-blocks-icon-list-item-icon\"><\/i><p class=\"wp-block-themeisle-blocks-icon-list-item-content\"><strong>Netzwerksicherheit &amp; Firewalls<\/strong>: Einrichtung robuster Netzwerkschutzmechanismen zur Abwehr externer und interner Bedrohungen.<\/p><\/div>\n\n\n\n<div id=\"wp-block-themeisle-blocks-icon-list-item-baad0377\" class=\"wp-block-themeisle-blocks-icon-list-item\"><i class=\"fas fa-check wp-block-themeisle-blocks-icon-list-item-icon\"><\/i><p class=\"wp-block-themeisle-blocks-icon-list-item-content\"><strong>Endpoint Security &amp; Virenschutz<\/strong>: Schutz von Endger\u00e4ten vor Malware, Ransomware und anderen Angriffen.<\/p><\/div>\n\n\n\n<div id=\"wp-block-themeisle-blocks-icon-list-item-ecfca253\" class=\"wp-block-themeisle-blocks-icon-list-item\"><i class=\"fas fa-check wp-block-themeisle-blocks-icon-list-item-icon\"><\/i><p class=\"wp-block-themeisle-blocks-icon-list-item-content\"><strong>Penetrationstests &amp; Schwachstellenanalysen<\/strong>: Proaktive Identifikation von Sicherheitsl\u00fccken durch simulierte Angriffe.<\/p><\/div>\n\n\n\n<div id=\"wp-block-themeisle-blocks-icon-list-item-2bab504d\" class=\"wp-block-themeisle-blocks-icon-list-item\"><i class=\"fas fa-check wp-block-themeisle-blocks-icon-list-item-icon\"><\/i><p class=\"wp-block-themeisle-blocks-icon-list-item-content\"><strong>Sicherheitsmonitoring &amp; Incident Response<\/strong>: Kontinuierliche \u00dcberwachung Ihrer IT-Infrastruktur und schnelle Reaktion auf Sicherheitsvorf\u00e4lle.<\/p><\/div>\n<\/div>\n\n\n\n<hr class=\"wp-block-separator has-alpha-channel-opacity\"\/>\n\n\n\n<p>Ein ganzheitlicher Sicherheitsansatz erfordert die Kombination aus <strong>organisatorischen Ma\u00dfnahmen der Informationssicherheit<\/strong> und <strong>technischen Schutzmechanismen der IT-Sicherheit<\/strong>.<\/p>\n\n\n\n<p>Wir bieten Ihnen ein individuell angepasstes Sicherheitskonzept, das Ihr Unternehmen optimal sch\u00fctzt \u2013 von der strategischen Planung bis zur technischen Umsetzung.<\/p>\n\n\n\n<div class=\"wp-block-group alignfull has-white-color has-text-color has-background has-link-color has-medium-font-size wp-elements-095852c3bf4408cde39053083405a61d\" style=\"background-color:#302c85;padding-right:15px;padding-left:15px\"><div class=\"wp-block-group__inner-container is-layout-constrained wp-container-core-group-is-layout-3467996f wp-block-group-is-layout-constrained\">\n<p><strong>Warum wir?<\/strong><\/p>\n<\/div><\/div>\n\n\n\n<div id=\"wp-block-themeisle-blocks-icon-list-402085ef\" class=\"wp-block-themeisle-blocks-icon-list\">\n<div id=\"wp-block-themeisle-blocks-icon-list-item-c61f4b1c\" class=\"wp-block-themeisle-blocks-icon-list-item\"><i class=\"fas fa-check wp-block-themeisle-blocks-icon-list-item-icon\"><\/i><p class=\"wp-block-themeisle-blocks-icon-list-item-content\"><strong>Erfahrene Experten<\/strong>: Unser Team besteht aus Sicherheitsspezialisten mit langj\u00e4hriger Erfahrung.<\/p><\/div>\n\n\n\n<div id=\"wp-block-themeisle-blocks-icon-list-item-4100c61c\" class=\"wp-block-themeisle-blocks-icon-list-item\"><i class=\"fas fa-check wp-block-themeisle-blocks-icon-list-item-icon\"><\/i><p class=\"wp-block-themeisle-blocks-icon-list-item-content\"><strong>Ganzheitliche Sicherheitskonzepte<\/strong>: Wir betrachten Informationssicherheit und IT-Sicherheit als Einheit und entwickeln nachhaltige L\u00f6sungen.<\/p><\/div>\n\n\n\n<div id=\"wp-block-themeisle-blocks-icon-list-item-234a256d\" class=\"wp-block-themeisle-blocks-icon-list-item\"><i class=\"fas fa-check wp-block-themeisle-blocks-icon-list-item-icon\"><\/i><p class=\"wp-block-themeisle-blocks-icon-list-item-content\"><strong>Individuelle Beratung<\/strong>: Jedes Unternehmen hat spezifische Anforderungen \u2013 wir bieten ma\u00dfgeschneiderte Sicherheitsstrategien.<\/p><\/div>\n<\/div>\n\n\n\n<p>Kontaktieren Sie uns f\u00fcr ein unverbindliches Beratungsgespr\u00e4ch und lassen Sie uns gemeinsam Ihre Sicherheitsstrategie optimieren!<\/p>\n","protected":false},"excerpt":{"rendered":"<p>Informationssicherheit \u2013 Schutz Ihrer sensiblen Daten In einer digital vernetzten Welt sind Informationen eines der wertvollsten G\u00fcter. Informationssicherheit umfasst alle Ma\u00dfnahmen, die den Schutz von Daten in Unternehmen sicherstellen \u2013 unabh\u00e4ngig davon, ob diese digital oder physisch vorliegen. Unser Ziel ist es, die Vertraulichkeit, Integrit\u00e4t und Verf\u00fcgbarkeit Ihrer Informationen zu [&hellip;]<\/p>\n","protected":false},"author":1,"featured_media":0,"parent":0,"menu_order":0,"comment_status":"closed","ping_status":"closed","template":"","meta":{"inline_featured_image":false,"_themeisle_gutenberg_block_has_review":false,"footnotes":""},"class_list":["post-400","page","type-page","status-publish","hentry"],"_links":{"self":[{"href":"https:\/\/scon.cloud\/index.php?rest_route=\/wp\/v2\/pages\/400","targetHints":{"allow":["GET"]}}],"collection":[{"href":"https:\/\/scon.cloud\/index.php?rest_route=\/wp\/v2\/pages"}],"about":[{"href":"https:\/\/scon.cloud\/index.php?rest_route=\/wp\/v2\/types\/page"}],"author":[{"embeddable":true,"href":"https:\/\/scon.cloud\/index.php?rest_route=\/wp\/v2\/users\/1"}],"replies":[{"embeddable":true,"href":"https:\/\/scon.cloud\/index.php?rest_route=%2Fwp%2Fv2%2Fcomments&post=400"}],"version-history":[{"count":53,"href":"https:\/\/scon.cloud\/index.php?rest_route=\/wp\/v2\/pages\/400\/revisions"}],"predecessor-version":[{"id":921,"href":"https:\/\/scon.cloud\/index.php?rest_route=\/wp\/v2\/pages\/400\/revisions\/921"}],"wp:attachment":[{"href":"https:\/\/scon.cloud\/index.php?rest_route=%2Fwp%2Fv2%2Fmedia&parent=400"}],"curies":[{"name":"wp","href":"https:\/\/api.w.org\/{rel}","templated":true}]}}