{"id":396,"date":"2025-02-05T14:38:21","date_gmt":"2025-02-05T13:38:21","guid":{"rendered":"http:\/\/scon.cloud\/?page_id=396"},"modified":"2025-03-18T13:15:48","modified_gmt":"2025-03-18T12:15:48","slug":"content-management","status":"publish","type":"page","link":"https:\/\/scon.cloud\/?page_id=396","title":{"rendered":"Content Management"},"content":{"rendered":"\n<header class=\"wp-block-group alignfull\"><div class=\"wp-block-group__inner-container is-layout-constrained wp-block-group-is-layout-constrained\">\n<div id=\"wp-block-themeisle-blocks-advanced-columns-9f8848a6\" class=\"wp-block-themeisle-blocks-advanced-columns alignfull has-1-columns has-desktop-equal-layout has-tablet-collapsedRows-layout has-mobile-collapsedRows-layout has-reverse-columns-tablet has-reverse-columns-mobile has-vertical-center ticss-0f635aec\"><div class=\"wp-block-themeisle-blocks-advanced-columns-overlay\"><\/div><div class=\"innerblocks-wrap\">\n<div id=\"wp-block-themeisle-blocks-advanced-column-cedf80ca\" class=\"wp-block-themeisle-blocks-advanced-column\">\n<h1 id=\"wp-block-themeisle-blocks-advanced-heading-ddc7a054\" class=\"wp-block-themeisle-blocks-advanced-heading wp-block-themeisle-blocks-advanced-heading-ddc7a054\"><strong><strong>Effiziente Verwaltung Ihrer Inhalte<\/strong><\/strong><\/h1>\n<\/div>\n<\/div><\/div>\n<\/div><\/header>\n\n\n\n<div class=\"wp-block-group alignfull has-white-color has-text-color has-background has-link-color has-medium-font-size wp-elements-8d8fd88a452682e1fbafabbfd7addaca\" style=\"background-color:#302c85;padding-right:15px;padding-left:15px\"><div class=\"wp-block-group__inner-container is-layout-constrained wp-container-core-group-is-layout-3467996f wp-block-group-is-layout-constrained\">\n<p><strong><strong><strong><strong><strong>Content Management System<\/strong><\/strong><\/strong><\/strong>e<\/strong><\/p>\n<\/div><\/div>\n\n\n\n<p>Mit einem leistungsf\u00e4higen Content-Management-System (CMS) verwalten Sie Ihre Webseite selbstst\u00e4ndig und ohne Programmierkenntnisse. Wir bieten Ihnen L\u00f6sungen mit etablierten CMS-Plattformen.<\/p>\n\n\n\n<ul class=\"wp-block-list\">\n<li><strong>Installation und Einrichtung:<\/strong> Wir konfigurieren das System nach Ihren Bed\u00fcrfnissen.<\/li>\n\n\n\n<li><strong>Anpassung und Erweiterung:<\/strong> Individuelle Designs, Plugins und Funktionen f\u00fcr maximale Flexibilit\u00e4t.<\/li>\n\n\n\n<li><strong>Support:<\/strong> Wir helfen Ihnen, das CMS optimal zu nutzen.<\/li>\n<\/ul>\n\n\n\n<p>Behalten Sie die volle Kontrolle \u00fcber Ihre Inhalte \u2013 schnell, einfach und effizient.<\/p>\n\n\n\n<p><\/p>\n\n\n\n<div class=\"wp-block-group alignfull has-white-color has-text-color has-background has-link-color has-medium-font-size wp-elements-095852c3bf4408cde39053083405a61d\" style=\"background-color:#302c85;padding-right:15px;padding-left:15px\"><div class=\"wp-block-group__inner-container is-layout-constrained wp-container-core-group-is-layout-3467996f wp-block-group-is-layout-constrained\">\n<p><strong>Warum wir?<\/strong><\/p>\n<\/div><\/div>\n\n\n\n<ul class=\"wp-block-list\">\n<li>Unterst\u00fctzung bei der Auswahl des passenden CMS f\u00fcr Ihre Bed\u00fcrfnisse.<\/li>\n\n\n\n<li>Individuelle Anpassungen f\u00fcr mehr Flexibilit\u00e4t und bessere Nutzererfahrung.<\/li>\n\n\n\n<li>Technischer Support und regelm\u00e4\u00dfige Updates f\u00fcr einen reibungslosen Betrieb.<\/li>\n<\/ul>\n","protected":false},"excerpt":{"rendered":"<p>Content Management Systeme Mit einem leistungsf\u00e4higen Content-Management-System (CMS) verwalten Sie Ihre Webseite selbstst\u00e4ndig und ohne Programmierkenntnisse. Wir bieten Ihnen L\u00f6sungen mit etablierten CMS-Plattformen. Behalten Sie die volle Kontrolle \u00fcber Ihre Inhalte \u2013 schnell, einfach und effizient.<\/p>\n","protected":false},"author":1,"featured_media":0,"parent":0,"menu_order":0,"comment_status":"closed","ping_status":"closed","template":"","meta":{"inline_featured_image":false,"_themeisle_gutenberg_block_has_review":false,"footnotes":""},"class_list":["post-396","page","type-page","status-publish","hentry"],"_links":{"self":[{"href":"https:\/\/scon.cloud\/index.php?rest_route=\/wp\/v2\/pages\/396","targetHints":{"allow":["GET"]}}],"collection":[{"href":"https:\/\/scon.cloud\/index.php?rest_route=\/wp\/v2\/pages"}],"about":[{"href":"https:\/\/scon.cloud\/index.php?rest_route=\/wp\/v2\/types\/page"}],"author":[{"embeddable":true,"href":"https:\/\/scon.cloud\/index.php?rest_route=\/wp\/v2\/users\/1"}],"replies":[{"embeddable":true,"href":"https:\/\/scon.cloud\/index.php?rest_route=%2Fwp%2Fv2%2Fcomments&post=396"}],"version-history":[{"count":4,"href":"https:\/\/scon.cloud\/index.php?rest_route=\/wp\/v2\/pages\/396\/revisions"}],"predecessor-version":[{"id":864,"href":"https:\/\/scon.cloud\/index.php?rest_route=\/wp\/v2\/pages\/396\/revisions\/864"}],"wp:attachment":[{"href":"https:\/\/scon.cloud\/index.php?rest_route=%2Fwp%2Fv2%2Fmedia&parent=396"}],"curies":[{"name":"wp","href":"https:\/\/api.w.org\/{rel}","templated":true}]}}