{"id":395,"date":"2025-02-05T14:38:21","date_gmt":"2025-02-05T13:38:21","guid":{"rendered":"http:\/\/scon.cloud\/?page_id=395"},"modified":"2025-03-07T16:22:29","modified_gmt":"2025-03-07T15:22:29","slug":"netzwerkplanung","status":"publish","type":"page","link":"https:\/\/scon.cloud\/?page_id=395","title":{"rendered":"Netzwerkplanung"},"content":{"rendered":"\n<header class=\"wp-block-group alignfull\"><div class=\"wp-block-group__inner-container is-layout-constrained wp-block-group-is-layout-constrained\">\n<div id=\"wp-block-themeisle-blocks-advanced-columns-9f8848a6\" class=\"wp-block-themeisle-blocks-advanced-columns alignfull has-1-columns has-desktop-equal-layout has-tablet-collapsedRows-layout has-mobile-collapsedRows-layout has-reverse-columns-tablet has-reverse-columns-mobile has-vertical-center ticss-0f635aec\"><div class=\"wp-block-themeisle-blocks-advanced-columns-overlay\"><\/div><div class=\"innerblocks-wrap\">\n<div id=\"wp-block-themeisle-blocks-advanced-column-cedf80ca\" class=\"wp-block-themeisle-blocks-advanced-column\">\n<h1 id=\"wp-block-themeisle-blocks-advanced-heading-ddc7a054\" class=\"wp-block-themeisle-blocks-advanced-heading wp-block-themeisle-blocks-advanced-heading-ddc7a054\">Ein stabiles und sicheres<br>Netzwerk bildet die Grundlage<br>f\u00fcr produktives Arbeiten.<\/h1>\n<\/div>\n<\/div><\/div>\n<\/div><\/header>\n\n\n\n<div class=\"wp-block-group alignfull has-white-color has-text-color has-background has-link-color has-medium-font-size wp-elements-8c6a1dd0d36e389b21c381e50d09f334\" style=\"background-color:#302c85;padding-right:15px;padding-left:15px\"><div class=\"wp-block-group__inner-container is-layout-constrained wp-container-core-group-is-layout-3467996f wp-block-group-is-layout-constrained\">\n<p><strong>Netzwerkplanung<\/strong><\/p>\n<\/div><\/div>\n\n\n\n<p>Eine vorausschauende Planung sorgt f\u00fcr eine zukunftssichere, leistungsf\u00e4hige und ausfallsichere IT-Infrastruktur. Eine gr\u00fcndliche Analyse und strategische Gestaltung der Netzwerktopologie erm\u00f6glicht es Unternehmen, langfristig effizient und sicher zu arbeiten. Dabei ber\u00fccksichtigen wir nicht nur aktuelle, sondern auch zuk\u00fcnftige Anforderungen, um Ihr Unternehmen optimal auf Wachstum und technologische Entwicklungen vorzubereiten.<\/p>\n\n\n\n<div class=\"wp-block-group alignfull has-white-color has-text-color has-background has-link-color has-medium-font-size wp-elements-0c767401f299933f2fca343db927373e\" style=\"background-color:#302c85;padding-right:15px;padding-left:15px\"><div class=\"wp-block-group__inner-container is-layout-constrained wp-container-core-group-is-layout-3467996f wp-block-group-is-layout-constrained\">\n<p><strong><strong>Unsere Leistungen<\/strong><\/strong><\/p>\n<\/div><\/div>\n\n\n\n<ul class=\"wp-block-list\">\n<li><strong>Detaillierte Analyse bestehender Netzwerke und Infrastruktur:<\/strong> Untersuchung der aktuellen IT-Umgebung zur Identifizierung von Engp\u00e4ssen, Sicherheitsl\u00fccken und Optimierungspotenzialen.<\/li>\n\n\n\n<li><strong>Entwicklung skalierbarer Netzwerkarchitekturen:<\/strong> Planung und Implementierung modularer und flexibler Netzwerkl\u00f6sungen, die mit Ihrem Unternehmen mitwachsen.<\/li>\n\n\n\n<li><strong>Integration neuer Technologien:<\/strong> Einf\u00fchrung modernster Netzwerk- und Sicherheitsl\u00f6sungen, darunter SD-WAN, Cloud-basierte Netzwerke und Software-Defined Networking (SDN).<\/li>\n\n\n\n<li><strong>Redundanz- und Hochverf\u00fcgbarkeitskonzepte:<\/strong> Minimierung von Ausfallzeiten durch ausfallsichere Netzwerkl\u00f6sungen, Load-Balancing und Notfallwiederherstellungsstrategien.<\/li>\n\n\n\n<li><strong>Dokumentation und kontinuierliche Optimierung:<\/strong> Erstellung detaillierter Netzwerkpl\u00e4ne sowie regelm\u00e4\u00dfige Evaluierung und Anpassung der Infrastruktur an neue Gesch\u00e4ftsanforderungen.<\/li>\n<\/ul>\n\n\n\n<div class=\"wp-block-group alignfull has-white-color has-text-color has-background has-link-color has-medium-font-size wp-elements-095852c3bf4408cde39053083405a61d\" style=\"background-color:#302c85;padding-right:15px;padding-left:15px\"><div class=\"wp-block-group__inner-container is-layout-constrained wp-container-core-group-is-layout-3467996f wp-block-group-is-layout-constrained\">\n<p><strong>Warum wir?<\/strong><\/p>\n<\/div><\/div>\n\n\n\n<ul class=\"wp-block-list\">\n<li><strong>Ganzheitliche Betrachtung Ihrer IT-Landschaft:<\/strong> Unsere Experten entwickeln individuell angepasste Strategien, die sowohl wirtschaftliche als auch technologische Aspekte einbeziehen.<\/li>\n\n\n\n<li><strong>Zukunftssichere und flexible Netzwerkl\u00f6sungen:<\/strong> Wir planen Ihr Netzwerk so, dass es sich problemlos an neue Anforderungen und Technologien anpassen l\u00e4sst.<\/li>\n\n\n\n<li><strong>Effiziente Planung f\u00fcr maximale Performance und Sicherheit:<\/strong> Durch den Einsatz modernster Technologien und Best Practices sorgen wir f\u00fcr ein stabiles, leistungsstarkes und sicheres Netzwerk.<\/li>\n<\/ul>\n","protected":false},"excerpt":{"rendered":"<p>Netzwerkplanung Eine vorausschauende Planung sorgt f\u00fcr eine zukunftssichere, leistungsf\u00e4hige und ausfallsichere IT-Infrastruktur. Eine gr\u00fcndliche Analyse und strategische Gestaltung der Netzwerktopologie erm\u00f6glicht es Unternehmen, langfristig effizient und sicher zu arbeiten. Dabei ber\u00fccksichtigen wir nicht nur aktuelle, sondern auch zuk\u00fcnftige Anforderungen, um Ihr Unternehmen optimal auf Wachstum und technologische Entwicklungen vorzubereiten. Unsere [&hellip;]<\/p>\n","protected":false},"author":1,"featured_media":0,"parent":0,"menu_order":0,"comment_status":"closed","ping_status":"closed","template":"","meta":{"inline_featured_image":false,"_themeisle_gutenberg_block_has_review":false,"footnotes":""},"class_list":["post-395","page","type-page","status-publish","hentry"],"_links":{"self":[{"href":"https:\/\/scon.cloud\/index.php?rest_route=\/wp\/v2\/pages\/395","targetHints":{"allow":["GET"]}}],"collection":[{"href":"https:\/\/scon.cloud\/index.php?rest_route=\/wp\/v2\/pages"}],"about":[{"href":"https:\/\/scon.cloud\/index.php?rest_route=\/wp\/v2\/types\/page"}],"author":[{"embeddable":true,"href":"https:\/\/scon.cloud\/index.php?rest_route=\/wp\/v2\/users\/1"}],"replies":[{"embeddable":true,"href":"https:\/\/scon.cloud\/index.php?rest_route=%2Fwp%2Fv2%2Fcomments&post=395"}],"version-history":[{"count":13,"href":"https:\/\/scon.cloud\/index.php?rest_route=\/wp\/v2\/pages\/395\/revisions"}],"predecessor-version":[{"id":841,"href":"https:\/\/scon.cloud\/index.php?rest_route=\/wp\/v2\/pages\/395\/revisions\/841"}],"wp:attachment":[{"href":"https:\/\/scon.cloud\/index.php?rest_route=%2Fwp%2Fv2%2Fmedia&parent=395"}],"curies":[{"name":"wp","href":"https:\/\/api.w.org\/{rel}","templated":true}]}}