{"id":393,"date":"2025-02-05T14:38:21","date_gmt":"2025-02-05T13:38:21","guid":{"rendered":"http:\/\/scon.cloud\/?page_id=393"},"modified":"2025-03-19T13:18:52","modified_gmt":"2025-03-19T12:18:52","slug":"it-support","status":"publish","type":"page","link":"https:\/\/scon.cloud\/?page_id=393","title":{"rendered":"IT-Support"},"content":{"rendered":"\n<header class=\"wp-block-group alignfull\"><div class=\"wp-block-group__inner-container is-layout-constrained wp-block-group-is-layout-constrained\">\n<div id=\"wp-block-themeisle-blocks-advanced-columns-9f8848a6\" class=\"wp-block-themeisle-blocks-advanced-columns alignfull has-1-columns has-desktop-equal-layout has-tablet-collapsedRows-layout has-mobile-collapsedRows-layout has-reverse-columns-tablet has-reverse-columns-mobile has-vertical-center ticss-0f635aec\"><div class=\"wp-block-themeisle-blocks-advanced-columns-overlay\"><\/div><div class=\"innerblocks-wrap\">\n<div id=\"wp-block-themeisle-blocks-advanced-column-cedf80ca\" class=\"wp-block-themeisle-blocks-advanced-column\">\n<h1 id=\"wp-block-themeisle-blocks-advanced-heading-ddc7a054\" class=\"wp-block-themeisle-blocks-advanced-heading wp-block-themeisle-blocks-advanced-heading-ddc7a054\">schnelle und kompetente Unterst\u00fctzung<br>f\u00fcr einen reibungslosen Betrieb Ihrer IT <br><\/h1>\n<\/div>\n<\/div><\/div>\n<\/div><\/header>\n\n\n\n<div class=\"wp-block-group alignfull has-white-color has-text-color has-background has-link-color has-medium-font-size wp-elements-88902caaef5bca1c2d3229a51a67b5f7\" style=\"background-color:#302c85;padding-right:15px;padding-left:15px\"><div class=\"wp-block-group__inner-container is-layout-constrained wp-container-core-group-is-layout-3467996f wp-block-group-is-layout-constrained\">\n<p><strong>IT-Support<\/strong><\/p>\n<\/div><\/div>\n\n\n\n<p>Schnelle und kompetente Unterst\u00fctzung ist essenziell, um den reibungslosen Betrieb Ihrer IT sicherzustellen. Unser Support-Team steht Ihnen rund um die Uhr zur Verf\u00fcgung, um technische St\u00f6rungen schnell und effizient zu beheben und somit Betriebsunterbrechungen zu minimieren.<\/p>\n\n\n\n<div class=\"wp-block-group alignfull has-white-color has-text-color has-background has-link-color has-medium-font-size wp-elements-85818138a92c7b8957ac779e93453e7a\" style=\"background-color:#302c85;padding-right:15px;padding-left:15px\"><div class=\"wp-block-group__inner-container is-layout-constrained wp-container-core-group-is-layout-3467996f wp-block-group-is-layout-constrained\">\n<p><strong>Unsere Leitungen<\/strong><\/p>\n<\/div><\/div>\n\n\n\n<p><strong>Unsere Leistungen:<\/strong><\/p>\n\n\n\n<ul class=\"wp-block-list\">\n<li><strong>Hotline f\u00fcr akute IT-Probleme:<\/strong> Wir unterst\u00fctzen Sie, um dringende IT-Probleme schnell zu l\u00f6sen und den reibungslosen Betrieb Ihrer Systeme sicherzustellen.<\/li>\n\n\n\n<li><strong>Schnelle Fehleranalyse und Probleml\u00f6sung:<\/strong> Durch moderne Diagnosetools und erfahrene Experten werden IT-St\u00f6rungen effizient analysiert und behoben.<\/li>\n\n\n\n<li><strong>Remote- und Vor-Ort-Support:<\/strong> Wir bieten flexible Unterst\u00fctzung per Fernwartung oder direkt bei Ihnen vor Ort, um Probleme schnellstm\u00f6glich zu l\u00f6sen.<\/li>\n\n\n\n<li><strong>Supportvertr\u00e4ge mit individuellen Service-Level-Agreements (SLAs):<\/strong> Ma\u00dfgeschneiderte Wartungs- und Servicevertr\u00e4ge garantieren vorhersehbare Reaktionszeiten und eine zuverl\u00e4ssige Betreuung Ihrer IT.<\/li>\n\n\n\n<li><strong>Patch- und Update-Management:<\/strong> Wir stellen sicher, dass Ihre Systeme regelm\u00e4\u00dfig aktualisiert werden, um Sicherheitsrisiken zu minimieren und die Systemleistung zu optimieren.<\/li>\n\n\n\n<li><strong>Proaktiver Support &amp; System-Monitoring:<\/strong> Durch kontinuierliche \u00dcberwachung Ihrer IT-Infrastruktur erkennen wir potenzielle Probleme fr\u00fchzeitig und vermeiden gr\u00f6\u00dfere Ausf\u00e4lle.<\/li>\n<\/ul>\n\n\n\n<div class=\"wp-block-group alignfull has-white-color has-text-color has-background has-link-color has-medium-font-size wp-elements-095852c3bf4408cde39053083405a61d\" style=\"background-color:#302c85;padding-right:15px;padding-left:15px\"><div class=\"wp-block-group__inner-container is-layout-constrained wp-container-core-group-is-layout-3467996f wp-block-group-is-layout-constrained\">\n<p><strong>Warum wir?<\/strong><\/p>\n<\/div><\/div>\n\n\n\n<ul class=\"wp-block-list\">\n<li><strong>Direkte Erreichbarkeit und schnelle Reaktionszeiten:<\/strong> Unser Team ist rund um die Uhr f\u00fcr Sie da und garantiert schnelle Hilfe im Ernstfall.<\/li>\n\n\n\n<li><strong>Professionelle Experten mit langj\u00e4hriger Erfahrung:<\/strong> Unsere IT-Spezialisten verf\u00fcgen \u00fcber fundiertes Fachwissen und langj\u00e4hrige Erfahrung in der Fehleranalyse und Probleml\u00f6sung.<\/li>\n\n\n\n<li><strong>Flexible Supportl\u00f6sungen \u2013 remote und vor Ort:<\/strong> Wir bieten ma\u00dfgeschneiderte IT-Support-Modelle, die optimal auf Ihre Gesch\u00e4ftsanforderungen zugeschnitten sind.<\/li>\n<\/ul>\n","protected":false},"excerpt":{"rendered":"<p>IT-Support Schnelle und kompetente Unterst\u00fctzung ist essenziell, um den reibungslosen Betrieb Ihrer IT sicherzustellen. Unser Support-Team steht Ihnen rund um die Uhr zur Verf\u00fcgung, um technische St\u00f6rungen schnell und effizient zu beheben und somit Betriebsunterbrechungen zu minimieren. Unsere Leitungen Unsere Leistungen:<\/p>\n","protected":false},"author":1,"featured_media":0,"parent":0,"menu_order":0,"comment_status":"closed","ping_status":"closed","template":"","meta":{"inline_featured_image":false,"_themeisle_gutenberg_block_has_review":false,"footnotes":""},"class_list":["post-393","page","type-page","status-publish","hentry"],"_links":{"self":[{"href":"https:\/\/scon.cloud\/index.php?rest_route=\/wp\/v2\/pages\/393","targetHints":{"allow":["GET"]}}],"collection":[{"href":"https:\/\/scon.cloud\/index.php?rest_route=\/wp\/v2\/pages"}],"about":[{"href":"https:\/\/scon.cloud\/index.php?rest_route=\/wp\/v2\/types\/page"}],"author":[{"embeddable":true,"href":"https:\/\/scon.cloud\/index.php?rest_route=\/wp\/v2\/users\/1"}],"replies":[{"embeddable":true,"href":"https:\/\/scon.cloud\/index.php?rest_route=%2Fwp%2Fv2%2Fcomments&post=393"}],"version-history":[{"count":6,"href":"https:\/\/scon.cloud\/index.php?rest_route=\/wp\/v2\/pages\/393\/revisions"}],"predecessor-version":[{"id":923,"href":"https:\/\/scon.cloud\/index.php?rest_route=\/wp\/v2\/pages\/393\/revisions\/923"}],"wp:attachment":[{"href":"https:\/\/scon.cloud\/index.php?rest_route=%2Fwp%2Fv2%2Fmedia&parent=393"}],"curies":[{"name":"wp","href":"https:\/\/api.w.org\/{rel}","templated":true}]}}