{"id":349,"date":"2025-01-24T15:47:24","date_gmt":"2025-01-24T14:47:24","guid":{"rendered":"https:\/\/scon.cloud\/?page_id=349"},"modified":"2025-03-07T16:05:45","modified_gmt":"2025-03-07T15:05:45","slug":"netzwerk","status":"publish","type":"page","link":"https:\/\/scon.cloud\/?page_id=349","title":{"rendered":"Netzwerk"},"content":{"rendered":"\n<header class=\"wp-block-group alignfull\"><div class=\"wp-block-group__inner-container is-layout-constrained wp-block-group-is-layout-constrained\">\n<div id=\"wp-block-themeisle-blocks-advanced-columns-9f8848a6\" class=\"wp-block-themeisle-blocks-advanced-columns alignfull has-1-columns has-desktop-equal-layout has-tablet-collapsedRows-layout has-mobile-collapsedRows-layout has-reverse-columns-tablet has-reverse-columns-mobile has-vertical-center ticss-0f635aec\"><div class=\"wp-block-themeisle-blocks-advanced-columns-overlay\"><\/div><div class=\"innerblocks-wrap\">\n<div id=\"wp-block-themeisle-blocks-advanced-column-cedf80ca\" class=\"wp-block-themeisle-blocks-advanced-column\">\n<h1 id=\"wp-block-themeisle-blocks-advanced-heading-ddc7a054\" class=\"wp-block-themeisle-blocks-advanced-heading wp-block-themeisle-blocks-advanced-heading-ddc7a054\">Ein stabiles und sicheres<br>Netzwerk bildet die Grundlage<br>f\u00fcr produktives Arbeiten.<\/h1>\n<\/div>\n<\/div><\/div>\n<\/div><\/header>\n\n\n\n<div class=\"wp-block-group alignfull has-white-color has-text-color has-background has-link-color has-medium-font-size wp-elements-35b9274ed8b1389ddc981055c6f5dd8c\" style=\"background-color:#302c85;padding-right:15px;padding-left:15px\"><div class=\"wp-block-group__inner-container is-layout-constrained wp-container-core-group-is-layout-3467996f wp-block-group-is-layout-constrained\">\n<p><strong>Netzwerk<\/strong><\/p>\n<\/div><\/div>\n\n\n\n<p>Wir implementieren und optimieren Netzwerkl\u00f6sungen auf Basis von Microsoft Windows, Linux sowie Virtualisierungstechnologien wie VMware ESXi, Proxmox PVE und Microsoft Hyper-V. Dabei setzen wir auf modernste Technologien und bew\u00e4hrte Methoden, um Ausfallsicherheit und maximale Effizienz zu gew\u00e4hrleisten.<\/p>\n\n\n\n<div class=\"wp-block-group alignfull has-white-color has-text-color has-background has-link-color has-medium-font-size wp-elements-0c767401f299933f2fca343db927373e\" style=\"background-color:#302c85;padding-right:15px;padding-left:15px\"><div class=\"wp-block-group__inner-container is-layout-constrained wp-container-core-group-is-layout-3467996f wp-block-group-is-layout-constrained\">\n<p><strong><strong>Unsere Leistungen<\/strong><\/strong><\/p>\n<\/div><\/div>\n\n\n\n<div id=\"wp-block-themeisle-blocks-icon-list-bfc1ea9e\" class=\"wp-block-themeisle-blocks-icon-list\">\n<div id=\"wp-block-themeisle-blocks-icon-list-item-7ca45d5d\" class=\"wp-block-themeisle-blocks-icon-list-item\"><i class=\"fas fa-check wp-block-themeisle-blocks-icon-list-item-icon\"><\/i><p class=\"wp-block-themeisle-blocks-icon-list-item-content\"><strong>Planung, Einrichtung und Wartung von Windows- und Linux-Netzwerken:<\/strong> Von der Installation neuer Serverumgebungen bis zur Optimierung bestehender Systeme \u2013 wir sorgen f\u00fcr eine leistungsstarke und sichere IT-Umgebung.<\/p><\/div>\n\n\n\n<div id=\"wp-block-themeisle-blocks-icon-list-item-0893e802\" class=\"wp-block-themeisle-blocks-icon-list-item\"><i class=\"fas fa-check wp-block-themeisle-blocks-icon-list-item-icon\"><\/i><p class=\"wp-block-themeisle-blocks-icon-list-item-content\"><strong>Virtualisierungsl\u00f6sungen f\u00fcr mehr Effizienz und Skalierbarkeit:<\/strong> Ob VMware ESXi, Proxmox PVE oder Microsoft Hyper-V \u2013 wir konzipieren und realisieren ma\u00dfgeschneiderte Virtualisierungsl\u00f6sungen, die Ihre IT-Ressourcen optimal nutzen.<\/p><\/div>\n\n\n\n<div id=\"wp-block-themeisle-blocks-icon-list-item-c09acdf3\" class=\"wp-block-themeisle-blocks-icon-list-item\"><i class=\"fas fa-check wp-block-themeisle-blocks-icon-list-item-icon\"><\/i><p class=\"wp-block-themeisle-blocks-icon-list-item-content\"><strong>Sichere und leistungsf\u00e4hige WLAN- und WAN-L\u00f6sungen:<\/strong> Wir analysieren Ihre Anforderungen und implementieren zuverl\u00e4ssige drahtlose sowie kabelgebundene Netzwerke mit h\u00f6chster Sicherheit und Performance.<\/p><\/div>\n\n\n\n<div id=\"wp-block-themeisle-blocks-icon-list-item-791caa47\" class=\"wp-block-themeisle-blocks-icon-list-item\"><i class=\"fas fa-check wp-block-themeisle-blocks-icon-list-item-icon\"><\/i><p class=\"wp-block-themeisle-blocks-icon-list-item-content\"><strong>Remote Access via IPSec &amp; VPN f\u00fcr mobiles Arbeiten:<\/strong> Sichere Verbindungen f\u00fcr Ihre Mitarbeiter, egal wo sie sich befinden \u2013 wir setzen leistungsf\u00e4hige VPN- und Remote-Access-L\u00f6sungen um, die den Zugriff auf Ihr Unternehmensnetzwerk sicher und unkompliziert erm\u00f6glichen.<\/p><\/div>\n\n\n\n<div id=\"wp-block-themeisle-blocks-icon-list-item-7ec5b027\" class=\"wp-block-themeisle-blocks-icon-list-item\"><i class=\"fas fa-check wp-block-themeisle-blocks-icon-list-item-icon\"><\/i><p class=\"wp-block-themeisle-blocks-icon-list-item-content\"><strong>Netzwerksegmentierung und Sicherheitskonzepte:<\/strong> Durch gezielte Trennung von Netzwerkbereichen und den Einsatz moderner Sicherheitsmechanismen sch\u00fctzen wir Ihre sensiblen Unternehmensdaten.<\/p><\/div>\n<\/div>\n\n\n\n<div class=\"wp-block-group alignfull has-white-color has-text-color has-background has-link-color has-medium-font-size wp-elements-095852c3bf4408cde39053083405a61d\" style=\"background-color:#302c85;padding-right:15px;padding-left:15px\"><div class=\"wp-block-group__inner-container is-layout-constrained wp-container-core-group-is-layout-3467996f wp-block-group-is-layout-constrained\">\n<p><strong>Warum wir?<\/strong><\/p>\n<\/div><\/div>\n\n\n\n<div id=\"wp-block-themeisle-blocks-icon-list-f0f08a41\" class=\"wp-block-themeisle-blocks-icon-list\">\n<div id=\"wp-block-themeisle-blocks-icon-list-item-f78d3059\" class=\"wp-block-themeisle-blocks-icon-list-item\"><i class=\"fas fa-check wp-block-themeisle-blocks-icon-list-item-icon\"><\/i><p class=\"wp-block-themeisle-blocks-icon-list-item-content\"><strong>Erfahrung mit komplexen IT-Landschaften und heterogenen Netzwerken:<\/strong> Wir kennen die Herausforderungen moderner Unternehmensnetzwerke und bieten fundierte L\u00f6sungen.<\/p><\/div>\n\n\n\n<div id=\"wp-block-themeisle-blocks-icon-list-item-a66027d6\" class=\"wp-block-themeisle-blocks-icon-list-item\"><i class=\"fas fa-check wp-block-themeisle-blocks-icon-list-item-icon\"><\/i><p class=\"wp-block-themeisle-blocks-icon-list-item-content\"><strong>Individuelle Anpassung an Ihre Unternehmensanforderungen:<\/strong> Jedes Unternehmen ist einzigartig \u2013 wir entwickeln ma\u00dfgeschneiderte Netzwerkkonzepte, die zu Ihren Bed\u00fcrfnissen passen.<\/p><\/div>\n\n\n\n<div id=\"wp-block-themeisle-blocks-icon-list-item-371854f2\" class=\"wp-block-themeisle-blocks-icon-list-item\"><i class=\"fas fa-check wp-block-themeisle-blocks-icon-list-item-icon\"><\/i><p class=\"wp-block-themeisle-blocks-icon-list-item-content\"><strong>Zukunftssichere und skalierbare Netzwerkl\u00f6sungen:<\/strong> Unsere L\u00f6sungen wachsen mit Ihrem Unternehmen und bieten langfristige Sicherheit und Flexibilit\u00e4t<\/p><\/div>\n<\/div>\n\n\n\n<hr class=\"wp-block-separator has-alpha-channel-opacity\"\/>\n","protected":false},"excerpt":{"rendered":"<p>Netzwerk Wir implementieren und optimieren Netzwerkl\u00f6sungen auf Basis von Microsoft Windows, Linux sowie Virtualisierungstechnologien wie VMware ESXi, Proxmox PVE und Microsoft Hyper-V. Dabei setzen wir auf modernste Technologien und bew\u00e4hrte Methoden, um Ausfallsicherheit und maximale Effizienz zu gew\u00e4hrleisten. Unsere Leistungen<\/p>\n","protected":false},"author":1,"featured_media":0,"parent":0,"menu_order":0,"comment_status":"closed","ping_status":"closed","template":"","meta":{"inline_featured_image":false,"_themeisle_gutenberg_block_has_review":false,"footnotes":""},"class_list":["post-349","page","type-page","status-publish","hentry"],"_links":{"self":[{"href":"https:\/\/scon.cloud\/index.php?rest_route=\/wp\/v2\/pages\/349","targetHints":{"allow":["GET"]}}],"collection":[{"href":"https:\/\/scon.cloud\/index.php?rest_route=\/wp\/v2\/pages"}],"about":[{"href":"https:\/\/scon.cloud\/index.php?rest_route=\/wp\/v2\/types\/page"}],"author":[{"embeddable":true,"href":"https:\/\/scon.cloud\/index.php?rest_route=\/wp\/v2\/users\/1"}],"replies":[{"embeddable":true,"href":"https:\/\/scon.cloud\/index.php?rest_route=%2Fwp%2Fv2%2Fcomments&post=349"}],"version-history":[{"count":35,"href":"https:\/\/scon.cloud\/index.php?rest_route=\/wp\/v2\/pages\/349\/revisions"}],"predecessor-version":[{"id":819,"href":"https:\/\/scon.cloud\/index.php?rest_route=\/wp\/v2\/pages\/349\/revisions\/819"}],"wp:attachment":[{"href":"https:\/\/scon.cloud\/index.php?rest_route=%2Fwp%2Fv2%2Fmedia&parent=349"}],"curies":[{"name":"wp","href":"https:\/\/api.w.org\/{rel}","templated":true}]}}