{"id":161,"date":"2025-01-14T13:44:31","date_gmt":"2025-01-14T12:44:31","guid":{"rendered":"http:\/\/scon.cloud\/?page_id=161"},"modified":"2025-03-07T16:10:07","modified_gmt":"2025-03-07T15:10:07","slug":"it-infrastruktur","status":"publish","type":"page","link":"https:\/\/scon.cloud\/?page_id=161","title":{"rendered":"IT-Infrastruktur"},"content":{"rendered":"\n<header class=\"wp-block-group alignfull\"><div class=\"wp-block-group__inner-container is-layout-constrained wp-block-group-is-layout-constrained\">\n<div id=\"wp-block-themeisle-blocks-advanced-columns-9f8848a6\" class=\"wp-block-themeisle-blocks-advanced-columns alignfull has-1-columns has-desktop-equal-layout has-tablet-collapsedRows-layout has-mobile-collapsedRows-layout has-reverse-columns-tablet has-reverse-columns-mobile has-vertical-center ticss-0f635aec\"><div class=\"wp-block-themeisle-blocks-advanced-columns-overlay\"><\/div><div class=\"innerblocks-wrap\">\n<div id=\"wp-block-themeisle-blocks-advanced-column-cedf80ca\" class=\"wp-block-themeisle-blocks-advanced-column\">\n<h1 id=\"wp-block-themeisle-blocks-advanced-heading-ddc7a054\" class=\"wp-block-themeisle-blocks-advanced-heading wp-block-themeisle-blocks-advanced-heading-ddc7a054\">ma\u00dfgeschneidert, professionell, innovativ<\/h1>\n<\/div>\n<\/div><\/div>\n<\/div><\/header>\n\n\n\n<div class=\"wp-block-group alignfull has-white-color has-text-color has-background has-link-color has-medium-font-size wp-elements-d6abf03cf6f6b684b5d2a72538aed0fa\" style=\"background-color:#302c85;padding-right:15px;padding-left:15px\"><div class=\"wp-block-group__inner-container is-layout-constrained wp-container-core-group-is-layout-3467996f wp-block-group-is-layout-constrained\">\n<p><strong><strong>IT-Infrastruktur: Zukunftssichere und effiziente L\u00f6sungen<\/strong><\/strong><\/p>\n<\/div><\/div>\n\n\n\n<p><strong>IT-Infrastruktur: Zukunftssichere und effiziente L\u00f6sungen<\/strong><\/p>\n\n\n\n<p>Eine leistungsf\u00e4hige IT-Infrastruktur ist das R\u00fcckgrat jedes modernen Unternehmens. Wir bieten ma\u00dfgeschneiderte L\u00f6sungen, die Ihre IT-Systeme sicher, skalierbar und effizient gestalten. Von Netzwerkintegration bis hin zu IT-Support \u2013 wir begleiten Sie mit professioneller Beratung und innovativen Technologien.<\/p>\n","protected":false},"excerpt":{"rendered":"<p>IT-Infrastruktur: Zukunftssichere und effiziente L\u00f6sungen IT-Infrastruktur: Zukunftssichere und effiziente L\u00f6sungen Eine leistungsf\u00e4hige IT-Infrastruktur ist das R\u00fcckgrat jedes modernen Unternehmens. Wir bieten ma\u00dfgeschneiderte L\u00f6sungen, die Ihre IT-Systeme sicher, skalierbar und effizient gestalten. Von Netzwerkintegration bis hin zu IT-Support \u2013 wir begleiten Sie mit professioneller Beratung und innovativen Technologien.<\/p>\n","protected":false},"author":1,"featured_media":0,"parent":0,"menu_order":0,"comment_status":"closed","ping_status":"closed","template":"","meta":{"inline_featured_image":false,"_themeisle_gutenberg_block_has_review":false,"footnotes":""},"class_list":["post-161","page","type-page","status-publish","hentry"],"_links":{"self":[{"href":"https:\/\/scon.cloud\/index.php?rest_route=\/wp\/v2\/pages\/161","targetHints":{"allow":["GET"]}}],"collection":[{"href":"https:\/\/scon.cloud\/index.php?rest_route=\/wp\/v2\/pages"}],"about":[{"href":"https:\/\/scon.cloud\/index.php?rest_route=\/wp\/v2\/types\/page"}],"author":[{"embeddable":true,"href":"https:\/\/scon.cloud\/index.php?rest_route=\/wp\/v2\/users\/1"}],"replies":[{"embeddable":true,"href":"https:\/\/scon.cloud\/index.php?rest_route=%2Fwp%2Fv2%2Fcomments&post=161"}],"version-history":[{"count":9,"href":"https:\/\/scon.cloud\/index.php?rest_route=\/wp\/v2\/pages\/161\/revisions"}],"predecessor-version":[{"id":827,"href":"https:\/\/scon.cloud\/index.php?rest_route=\/wp\/v2\/pages\/161\/revisions\/827"}],"wp:attachment":[{"href":"https:\/\/scon.cloud\/index.php?rest_route=%2Fwp%2Fv2%2Fmedia&parent=161"}],"curies":[{"name":"wp","href":"https:\/\/api.w.org\/{rel}","templated":true}]}}